= 4*f - v, 26 = -5*f + v + 199. Calculate the greatest common factor of 85 and f.
17
Let r = -16 + 10. Let s be (-5 - (-2)/1) + 12. Let v = r + s. Calculate the highest common divisor of v and 2.
1
Let v = 14 - 5. Suppose 2*y = -u + v, -2*y - 43 = u - 4*u. What is the greatest common divisor of u and 117?
13
Let f = 964 - 1357. Let l = 673 + f. Suppose -l = 2*y - 7*y. Calculate the greatest common factor of 7 and y.
7
Suppose 0 = 5*h + 4*i - i - 5, 5*h + i - 15 = 0. Suppose -20 = h*d, 5*p - 41 = -4*d + 354. Let f = 183 - p. Calculate the highest common factor of f and 20.
20
Suppose 20 = v - 3*u, 2*v - 5*u - 30 = -4*u. Calculate the greatest common factor of 14 and v.
14
Let p(j) = 132*j**2. Let o be p(1). Suppose -8 = 3*b - 44. What is the highest common divisor of o and b?
12
Suppose -k = -3*l - 84, 3*l + 440 = 5*k - 2*l. Let h be (-112)/(-6) + 14/(-21). What is the greatest common factor of h and k?
18
Let u be 4/3*(9 + -3). Let r(d) = d - 4. Let y be r(8). Suppose -6*v + 4*g = -2*v - 12, 4*g = -y*v + 52. Calculate the greatest common factor of u and v.
8
Let c(k) = -10 - 4*k + 4 + 7*k. Let s be c(6). Let n = -15 - -63. What is the highest common factor of s and n?
12
Let u = 83 + -62. Suppose 0 = 3*m + 4*i - 9, 3*m + 5*i - 9 = -3. Calculate the greatest common divisor of m and u.
7
Let c be (-2 + 2)/2 - -18. Suppose -4*n + c = -78. Suppose -2 = 3*d + q, -4*d + n = -3*q - q. Calculate the highest common factor of 8 and d.
1
Suppose 64 = 3*k - 44. Calculate the highest common factor of k and 90.
18
Let k(x) be the third derivative of -x**5/60 + 5*x**4/12 + x**3/6 - 3*x**2. Let w be k(5). What is the greatest common factor of 13 and w?
13
Let j be 6/(-2) + -1 + -2. Let c = j + -50. Let t = c - -120. Calculate the greatest common divisor of 16 and t.
16
Suppose 67*h + 36 = 70*h. Suppose -n - 18 = -2*n. What is the greatest common divisor of h and n?
6
Suppose -k = -0*k. Let j be 8/4 - k/1. Suppose 0 = -l - 4*p - 0*p - 5, 0 = 5*l - j*p - 85. Calculate the greatest common factor of 60 and l.
15
Suppose 0 = 11*f - 16*f + 65. Calculate the greatest common factor of f and 52.
13
Suppose -7 - 1 = -y - v, -4 = 4*y - 5*v. Calculate the greatest common divisor of 36 and y.
4
Suppose u = 6*u. Suppose u = -2*i + i + 42. Calculate the greatest common factor of 6 and i.
6
Suppose 3*f - 39 - 33 = 0. Let p be 2/(-10) - (-72)/10. Suppose -360 = 2*a - p*a. Calculate the greatest common factor of f and a.
24
Let p(i) = i**2 + 4*i. Let m be (-42)/(-70) + 56/(-10). Let z be p(m). What is the greatest common divisor of 1 and z?
1
Let z = 346 - 242. Let x(d) = 3*d**2 - 2*d - 3. Let r be x(-2). What is the highest common divisor of r and z?
13
Let t(j) = j. Let s be t(2). Let a be (-6)/((-4)/s)*1. Calculate the greatest common factor of 12 and a.
3
Suppose -399 - 63 = -7*u. Let b(q) = 6*q. Suppose -2*k - 3*k = -5. Let c be b(k). Calculate the highest common factor of u and c.
6
Let u = -350 - -625. What is the greatest common factor of u and 25?
25
Suppose 3*l - 16 = -2*y - l, -y + 5*l - 20 = 0. Suppose 0 = 4*f - 5*t - 108, -2*f - 3*f - 2*t + 135 = y. What is the highest common divisor of f and 108?
27
Let p = 27 + 9. Calculate the highest common divisor of p and 18.
18
Let d(p) = -p**3 + 10*p**2 + 10*p + 15. Let f(t) = -t**2 - 6*t + 6. Let n be f(-5). Let m be d(n). Calculate the highest common divisor of m and 4.
4
Let z = 14 + 4. Let t be (-164)/(-1) - (1 - -1). What is the highest common factor of z and t?
18
Suppose 7*b - 3*b = -4*o + 152, 2*o - 4*b - 100 = 0. Calculate the highest common factor of o and 6.
6
Let b be 39/6 + 9/(-6). Suppose -u = -b*u - 12. Let i = 1 - u. What is the greatest common divisor of 36 and i?
4
Let y be (8/(-12))/((-3)/(837/6)). Calculate the greatest common divisor of 93 and y.
31
Let u be 91/26*(-72)/(-14). Calculate the highest common divisor of u and 162.
18
Let h(m) = m**2 - m + 126. Suppose -6 + 0 = 2*i. Let p be (0/(i - -4))/(-1). Let g be h(p). Calculate the highest common factor of 18 and g.
18
Let r be (-134 + (-5)/5)*(-4)/10. What is the highest common factor of r and 135?
27
Let j = 40 - 31. What is the greatest common divisor of 36 and j?
9
Let u = 9 + -6. Suppose 4*j + 9 = -2*d + u, 3*d - 5*j = 35. Let t = 2 + d. Calculate the greatest common factor of t and 49.
7
Suppose 3*b = b + 12. Suppose d - 4 = 5*d. Let i be (-1 + d)*(-12)/2. What is the greatest common divisor of b and i?
6
Let m be 4 + -1 + 2 + 2. Let k(f) = -2*f + 7. Let u be k(3). Calculate the highest common factor of u and m.
1
Suppose n = p + 9, 0*p = 3*p - 6. Let l(j) = -89*j**3 - j**2 - j - 1. Let b be l(-1). Calculate the highest common factor of n and b.
11
Let n(z) = -z**2 + 5*z. Let c be n(4). Suppose -c*j + 11 = -21. What is the greatest common divisor of 40 and j?
8
Let p = 4 - 3. Let q be -1 + 1 + p*40. Let f(a) = a**3 + 8*a**2 + 7*a + 10. Let z be f(-7). Calculate the highest common factor of q and z.
10
Let y(a) = a + 23. Let v be y(-11). What is the greatest common factor of 36 and v?
12
Let l(m) be the second derivative of 2*m**3/3 + 3*m**2/2 - m. Let g be l(2). What is the greatest common factor of g and 66?
11
Let f = -3 + 2. Let t be (-1 - f - -2) + -5. Let g = 0 - t. Calculate the greatest common divisor of g and 21.
3
Let y(w) = w**2 + w. Let b be y(-5). Suppose -5*k = b, -2*i + 2 = 4*k - 4. Calculate the greatest common factor of i and 110.
11
Let j be 12*(1060/42 + 16/(-28)). What is the highest common factor of 37 and j?
37
Suppose x = 6*x - 15. Suppose x*g + 48 = 6*g. What is the highest common divisor of g and 40?
8
Suppose -2*g + 5 + 1 = 0. Let x be g/(-18) - 52/(-24). Suppose 5*p = 5*y + 45, 0*p - 5*p - 4*y + 90 = 0. What is the highest common divisor of p and x?
2
Suppose 3*z + z - 72 = -4*p, -3*p + 56 = 4*z. Let y(o) = o**3 - o**2 + o + 64. Let m be y(0). What is the greatest common factor of m and p?
16
Suppose -3*h - 5*z + 6 = -37, 0 = 4*z + 16. What is the highest common factor of 14 and h?
7
Let f = 140 - 132. Calculate the greatest common divisor of 184 and f.
8
Suppose 43 = 3*b + 22. Calculate the highest common factor of b and 28.
7
Let m be 1*(1 - (-3 - 46)). Calculate the greatest common factor of 20 and m.
10
Let m(f) = 2*f - f**2 - f + 7 - 6*f - f. Let l be m(-5). What is the greatest common factor of 108 and l?
12
Let v = -43 + 103. Calculate the highest common factor of v and 15.
15
Let y(u) = u**2 + u + 32. Let i be y(0). Let p = -19 + i. Calculate the highest common divisor of 104 and p.
13
Let k be (10/8)/(((-2)/1)/(-16)). Suppose z + z - 50 = 0. What is the highest common factor of z and k?
5
Let z(a) = 11*a**2 - 9*a - 8. Let r(t) = 7*t**2 - 6*t - 5. Let k(c) = 8*r(c) - 5*z(c). Let i be k(5). What is the greatest common factor of 30 and i?
10
Let a = 23 - -139. Calculate the greatest common divisor of 18 and a.
18
Let q(y) = 3*y**2 + 7*y + 2. Let x(l) = -l**2 + 1. Let z(f) = q(f) + 2*x(f). Let n be z(-8). Calculate the greatest common factor of 60 and n.
12
Suppose 2*x = -3*x + 45. Let c = 35 + 1. Calculate the highest common divisor of c and x.
9
Suppose -13 = 3*g - 22. Let r be (-4)/10 + (-7)/(-5). Calculate the highest common factor of r and g.
1
Let t(w) = w**2 - 2*w - 5. Let z be t(4). Suppose 5*h = 13 - 3. Suppose -4 = -2*f + h. Calculate the greatest common factor of z and f.
3
Let u(j) be the first derivative of j**4/4 + 5*j**3/3 - j**2 - 5*j + 3. Let x be u(-5). Calculate the highest common divisor of 25 and x.
5
Let a = 19 + -9. Let n be (-1170)/(-50) - 4/a. What is the highest common divisor of n and 207?
23
Let f be 6/(-4)*12/(-9). Let t be (24/15 - f)*-35. What is the greatest common divisor of t and 2?
2
Let m = 19 - 46. Let o be ((-2)/3)/(6/m). Let q be (-1)/(-2*1/4). What is the highest common divisor of q and o?
1
Let f be (15/1)/(1 + 0). What is the highest common factor of f and 120?
15
Suppose 3*r + d + 35 = -24, 4*r + 100 = 4*d. Let b = 6 - r. Calculate the highest common divisor of 3 and b.
3
Suppose -t + 3*c - 5 = 5*c, 2*c + 17 = 3*t. Let x be 24*t*1/4. Let w be (-6)/(-2 - 2/(-2)). What is the highest common divisor of w and x?
6
Let x be 3/((15/2)/5). Let u be (x/(-4))/((-4)/40). Let m be (-4 - -2)/((-2)/40). Calculate the highest common divisor of m and u.
5
Let n(v) = 0 + v**2 + 2*v 